9. Suppose -13 = -o*j - 5*g, j - 17*g + 9 = -12*g. Let b(u) = 21 - 9 + 21*u - 11 - u. Give b(j).
21
Let a(o) = 3*o**2 - 23*o - 43. Let m(y) = -y**3 - 12*y**2 + 93*y + 462. Let f be m(-16). Give a(f).
15
Let u(f) = -55*f + 48. Let m(y) = -16*y + 13. Let n(w) = 14*m(w) - 4*u(w). What is n(-3)?
2
Let c = 938 + -944. Let n(k) = -6*k**3 + 14*k**2 - 2*k + 33. Let x(a) = 5*a**3 - 13*a**2 + 2*a - 27. Let u(i) = c*n(i) - 7*x(i). Determine u(-7).
5
Suppose -3*y + r = -58, -3*r - 66 = 26*y - 29*y. Let c(m) = -11*m + 169. What is c(y)?
-29
Let q(n) = n**3 + n**2 - n. Let u = -127 - -120. Let g(b) = b**3 + 8*b**2 - 2*b - 1. Let j be g(u). Let p = 62 - j. Give q(p).
0
Let z(m) = 2*m**2 + 2*m + 1. Suppose 120 = -10*t + 140. Suppose t*f - 3*d = -16, -3*f - 42*d = -39*d - 6. Give z(f).
5
Let z be ((12/3)/(-4))/((-27)/(-135)). Let q(b) be the third derivative of 1/6*b**4 - 7/6*b**3 - 1/120*b**6 - b**2 - 1/15*b**5 + 0*b + 0. What is q(z)?
-2
Let v(j) = -1493*j**2 + 1498*j**2 - 9 - 3 - 8 + 6 + 2*j. Calculate v(-4).
58
Let b(v) = 8*v**2 + 2*v - 1. Let s be b(-1). Let c(l) be the third derivative of l**6/120 - l**5/12 + l**4/24 + l**3 - 9*l**2. Determine c(s).
11
Let a = 337 + -201. Suppose 188*q = 113*q + 300. Let n(h) = q*h**2 + 143 + a - h**2 - 3*h - 278. What is n(2)?
7
Let r be 22/14 - 2 - ((-225)/35 + 5). Let o(a) = 23*a**2 - 3*a + 2. Determine o(r).
22
Suppose 63*x = -184 - 5. Let l(i) be the third derivative of i**5/60 - i**4/24 - 7*i**3/6 - 8*i**2. Give l(x).
5
Let t(y) be the third derivative of 7*y**4/6 - y**3/6 - 254*y**2 - 4*y. Calculate t(0).
-1
Let o(b) = -b - 7. Let k(v) = -v**2 - 21*v - 102. Let w be k(-13). Let m be (1 - -2) + (-30)/w. What is o(m)?
5
Let g(m) = 3*m**3 - 3*m**2 - 2*m + 1. Let y(x) = 17*x**3 - 19*x**2 - 12*x - 8. Let n(s) = -6*g(s) + y(s). Let p = -1 + 1. What is n(p)?
-14
Suppose 0 = -5*x - 5*p + 40, -2*x - 9 = -4*p + p. Let k(j) = 4 + 3*j + 2330288*j**3 - 2*j**2 - 2330287*j**3 - 3. Calculate k(x).
19
Let a = -5690 - -5696. Let k(h) = -3*h + 5. Determine k(a).
-13
Let p(c) = -2 + 3 - 2. Let s(w) be the second derivative of w**4/6 + 5*w**3/6 - 6*w**2 + 8*w - 1. Let z(i) = 6*p(i) - s(i). What is z(-5)?
-19
Let t(m) be the third derivative of -7*m**4/24 + 37*m**3/6 + 18*m**2 - m - 65. Calculate t(6).
-5
Let a(y) = 2*y**3 + 16*y**2 - 15*y - 118. Let c be a(-8). Let v(i) = -47*i + 89. What is v(c)?
-5
Let l(h) = 6*h**2 - 21*h + 5. Let a(z) = -14*z**2 + 50*z - 9. Let w(t) = -2*a(t) - 5*l(t). Determine w(4).
-19
Let a(m) be the second derivative of m**6/360 - m**5/120 + 61*m**4/4 - 3*m - 1. Let s(n) be the third derivative of a(n). What is s(7)?
13
Let z(y) = 5*y - 2*y - 3*y**2 - 29*y + 7*y**2 - 5*y + 25. Calculate z(7).
4
Let m = 30 + -8. Suppose -4*f = -38 + m. Suppose -f*u = u. Let s(h) = h**3 - h**2 + 4. Calculate s(u).
4
Let d = 1379 + -1377. Let j(x) be the first derivative of 7/2*x**d - 3*x + 9. What is j(2)?
11
Suppose -r + 4*r + 9 = 0. Let x(u) = u**3 - 7*u**2 - 6. Let z(w) = -16*w**3 + 117*w**2 - w + 98. Let m(g) = 33*x(g) + 2*z(g). Calculate m(r).
4
Let b(o) = 236*o + 719. Let w be b(-3). Let l(z) = z**2 - 9*z - 26. What is l(w)?
-4
Let r(t) = 2*t**2 + 4*t - 2. Let p be r(-3). Let f(g) = -2*g**2 - 2*g + 3. Let d(b) = 8*b**2 + 4*b - 10. Let x(k) = -2*d(k) - 7*f(k). Determine x(p).
-9
Let j(w) = -w**2 + 7*w + 1. Suppose -10*s + 375 = -7*s. Suppose -5*z - s - 150 = 0. Let v = 60 + z. What is j(v)?
11
Let p(i) be the first derivative of -i**3/3 - 7*i**2 + 81*i - 10518. What is p(-19)?
-14
Let d be 4/(-6)*(2 + -14). Let a(o) be the first derivative of o + 1/2*o**2 + 64. Give a(d).
9
Let d(a) = 593*a + 594*a + 13 - 1189*a. What is d(4)?
5
Let p(u) = -5*u - 3. Let m be -5*(-6 - 224/(-35)). Give p(m).
7
Let g be (-308)/(-12) + -3 - (-2)/(-3). Let i be 4/g - 10/(330/(-3987)). Suppose i*d = 124*d + 9. Let c(x) = 5*x + 3. Determine c(d).
-12
Let r be 5 - (60/510 - 64/(-34)). Let a(u) = -2 - 2*u**2 + 8*u + 0*u**2 + 44*u**r - 45*u**3 - 4*u. Let c be (0 - 1)/(1/(-2)). Give a(c).
-10
Let d be (-16 - -7)/(33 + -30). Let x(s) = -s**2 - 11*s - 11. Let h be x(-9). Let k(v) = -1 + h + 4*v - 2 - 3*v. What is k(d)?
1
Let z(l) = 34*l**2 + 8*l - 14. Let b be z(2). Let m = 132 - b. Let a(j) = -4*j + 3. Determine a(m).
27
Let d(c) = -13*c**3 - c**2 - 3*c - 3. Let z be (389/1167)/(1 + (-3)/9 - 1). Calculate d(z).
12
Let i(r) = -7*r**2 - 4*r + 2. Let k(v) = -9*v**2 - 4*v + 3. Let u = 185 - 180. Let q(j) = u*i(j) - 4*k(j). Give q(5).
3
Let s(z) = 9 - 6*z**2 - 163*z**3 + 5*z + 126*z**3 + 35*z**3. Determine s(-5).
84
Let d(p) = 2*p + 19. Let f be d(-7). Let u(g) = 12 - g**3 + g - f - 8 + 0*g. Let m(o) = -3*o**3 + 9*o**2 - 6*o + 1. Let b(v) = m(v) - 2*u(v). What is b(8)?
3
Let g(u) be the first derivative of -u**5/20 + 7*u**4/6 - 7*u**3/3 + 8*u**2 + 130*u + 2. Let j(n) be the first derivative of g(n). Give j(13).
3
Suppose 8*u + 12 = -9*i + 5*u, -8 = i - u. Let q(z) = -4*z + 7 - 5 - 1. Give q(i).
13
Suppose 0 = 2*v + x - 101, -3*x = -5*v + 97 + 172. Suppose 11*p = 7*p + v. Let f(d) = -13*d + 1 + 6 + 23 - p + d**2. Give f(12).
5
Let l(f) be the third derivative of f**8/20160 + f**7/630 + f**6/720 - f**5/20 + f**4/8 + 2*f**2 - 5. Let h(s) be the third derivative of l(s). Calculate h(-7).
-6
Let v(c) = -5*c - 2. Suppose -5*d + 26 = 3*r, -4*d + 3*r = -57 + 20. Suppose 0 = -4*l + 5*n + 8, d*l - 3*n = 4*l + 3. Determine v(l).
13
Let o be (-534)/(-78) + (-6)/(-39). Let q(f) = 35*f**2 - o*f + 2 - 1 - 36*f**2 - 6. Calculate q(-7).
-5
Let i(a) = 7*a - 4. Let k(x) = 38*x - 27. Let s(m) = -5*i(m) + k(m). Give s(2).
-1
Let c be -4*(68/16 - 4)*(-3)/1. Let b(j) be the second derivative of -3*j - j**2 + 0 + 1/2*j**c - 1/12*j**4. Calculate b(4).
-6
Let q(k) = 3489*k**2 - k + 2 - 6948*k**2 + 3458*k**2 + 0*k. Suppose -p + 3 - 6 = 0. Let c = p - -1. Give q(c).
0
Let u be (0 - 0)*1 + (-312 - 15). Let n = u + 319. Let z(a) = -16*a**2 - 51*a + 14. Let y(d) = -3*d**2 - 10*d + 3. Let s(t) = 11*y(t) - 2*z(t). Give s(n).
5
Let b(n) = n**3 - 16*n**2 - n + 6. Let v = 731 + -715. What is b(v)?
-10
Let b(m) = -m**2 - 3*m - 3. Suppose 858 = 47*a - 212*a + 33. Determine b(a).
-13
Let h(q) = -2*q**2 - 4*q - 1. Let y be h(3). Let o(t) = -25*t**3 + t**2 + 2*t + 1. Let d be o(-1). Let f = d + y. Let b(c) = -c - 12. Give b(f).
-6
Let l(t) = -16*t**2 - 1. Let k be 0/(2 - 3) + -2 + 44. Suppose k = -x - 9. Let j = x - -50. Calculate l(j).
-17
Let n(v) = -341*v - 252. Let a(o) = 160*o + 127. Let m(h) = 13*a(h) + 6*n(h). What is m(-4)?
3
Let t(b) = b**2 + 6*b + 4. Let f be (-42)/13 + (-240)/(-1040). Determine t(f).
-5
Let k = -21111 - -21100. Let i(p) = -11*p - 44. What is i(k)?
77
Let g(l) = l**2 - 21*l - 2. Let w be g(0). Let u(b) = b**2 - 2*b - 2. Give u(w).
6
Let d(i) = -3*i - 6. Suppose 165*r - 171*r + 102 = 0. Suppose -3*q + 2 - 25 = -5*g, -4*g + r = -q. Calculate d(g).
-18
Let k = 289 + -287. Let y(f) = 4 - 15*f**2 + k*f**3 - 4 + 17*f**2. What is y(2)?
24
Let h(x) = 3*x - 7. Let m(j) = -j**3 + 5*j**2 + 2*j - 7. Let b be m(5). Suppose -b*t + 37 - 13 = 0. Give h(t).
17
Let p(j) be the third derivative of -j**6/120 - j**5/12 + j**4/8 - j**3/6 - 3*j**2 - 92. What is p(1)?
-4
Let n = -675 + 668. Let d(f) = f**2 - 4*f + 16. Determine d(n).
93
Let g(f) = -f**3 + 25*f**2 + 29*f - 84. Suppose -300 = -36*i + 636. What is g(i)?
-6
Let x(r) = -3*r + 1. Suppose -11*d + 12 = -307. Suppose 3*l - 35 = 5*b, b = -0*l + 5*l - d. Calculate x(b).
13
Let l(z) be the first derivative of z**5/120 - 7*z**4/24 + 20*z**3 - 7. Let f(r) be the third derivative of l(r). What is f(3)?
-4
Let u(f) = f**2 + 11*f + 16. Let v be (-4)/13 + (-41245)/4745. What is u(v)?
-2
Let l(r) = -r**2 + 2 - 4*r + 1 + r. Let k = 298152 + -298158. Give l(k).
-15
Suppose -5*x + 9 = 2*t, -t - 29 = 4*x - 41. Let n(m) = -7*m + 7. Let i(r) = 6*r - 6. Let f(y) = 3*i(y) + 2*n(y). Give f(x).
16
Let c(i) = 15 + 9*i - 2*i - 5. Let k be (-61)/305*60/4. What is c(k)?
-11
Let j(m) = m - 4. Suppose 0 = -z + 64 + 10. Suppose -76 = 25*t + z. What is j(t)?
-10
Let k(x) = -427*x**3 + 844*x**3 + x**2 - 1 - 414*x**3. Let n = -4 + 5. What is k(n)?
3
Let n = 41 - 97. Let y be (n/12 - -5)/((-2)/(-6)). Suppose 0 = -3*c + 2*o + y - 2, 0 = c + o + 2. Let v(a) = -8*a - 1. Calculate v(c).
7
Let y(s) be the second derivative of s**4/12 + 3*s**3/2 - 9*s**2/2 - 8*s - 2.